10?
True
Is 1417333 a multiple of 101?
True
Is 56 a factor of 1333617?
False
Does 4 divide 13761?
False
Is 1661 a factor of 3190781?
True
Is 1420 a factor of 21510296?
False
Is 196 a factor of 1332408?
True
Does 5 divide 7916455?
True
Is 40 a factor of 146999?
False
Is 6 a factor of 60816?
True
Does 292 divide 718056?
False
Is 132649 a multiple of 238?
False
Does 3 divide 60840?
True
Is 14538398 a multiple of 329?
False
Does 12 divide 762348?
True
Is 148519 a multiple of 343?
True
Is 1142660 a multiple of 310?
True
Is 49149 a multiple of 31?
False
Does 15 divide 66218?
False
Is 96 a factor of 4437487?
False
Is 524835 a multiple of 44?
False
Is 9 a factor of 928143?
True
Is 1484730 a multiple of 243?
True
Is 1531180 a multiple of 82?
False
Is 2080512 a multiple of 448?
True
Is 28825577 a multiple of 462?
False
Does 859 divide 3231558?
True
Is 1065 a factor of 2502750?
True
Is 3431394 a multiple of 1064?
False
Is 11370744 a multiple of 1386?
True
Is 156 a factor of 15339734?
False
Is 732105 a multiple of 87?
True
Is 180 a factor of 7367940?
True
Is 113 a factor of 19006?
False
Is 2425822 a multiple of 16?
False
Is 527 a factor of 157046?
True
Does 73 divide 198008?
False
Does 18 divide 6792?
False
Does 22 divide 143644?
False
Is 4230 a multiple of 47?
True
Does 19 divide 70798?
False
Does 397 divide 5700126?
True
Is 16 a factor of 638559?
False
Is 154800 a multiple of 45?
True
Is 1362 a multiple of 5?
False
Does 7 divide 8946?
True
Does 226 divide 24626316?
True
Is 172400 a multiple of 25?
True
Is 5 a factor of 193860?
True
Is 538780 a multiple of 124?
True
Is 1597771 a multiple of 217?
True
Is 33597 a multiple of 9?
True
Is 18 a factor of 141018?
False
Is 28 a factor of 2200100?
True
Is 192557 a multiple of 110?
False
Is 13400 a multiple of 25?
True
Is 32 a factor of 4360800?
True
Is 11890 a multiple of 410?
True
Is 66 a factor of 26542017?
False
Is 353 a factor of 628340?
True
Is 370 a factor of 64010?
True
Does 1581 divide 9636195?
True
Is 13 a factor of 70343?
True
Is 7366041 a multiple of 404?
False
Does 199 divide 113747?
False
Does 198 divide 562139?
False
Is 25 a factor of 1659275?
True
Is 968254 a multiple of 428?
False
Does 24 divide 191544?
True
Is 4713650 a multiple of 33?
False
Is 27 a factor of 1817181?
True
Does 57 divide 17063746?
False
Is 323493 a multiple of 239?
False
Does 20 divide 1054540?
True
Is 11225181 a multiple of 145?
False
Is 219208 a multiple of 188?
True
Does 3 divide 122198?
False
Is 44 a factor of 803660?
True
Is 387464 a multiple of 136?
True
Is 182095 a multiple of 406?
False
Is 4282455 a multiple of 33?
False
Does 258 divide 303150?
True
Is 156 a factor of 158078?
False
Does 13 divide 5820546?
False
Does 27 divide 35910?
True
Does 121 divide 15708825?
True
Does 626 divide 437574?
True
Does 11 divide 117690?
False
Does 43 divide 4303010?
True
Is 10 a factor of 1014127?
False
Does 36 divide 20666?
False
Does 173 divide 1066297?
False
Does 26 divide 1558260?
False
Does 2777 divide 15092130?
False
Is 4716700 a multiple of 20?
True
Does 5 divide 1284763?
False
Is 736 a factor of 2532655?
False
Does 16 divide 20303659?
False
Is 1474500 a multiple of 125?
True
Does 13 divide 1458336?
False
Is 701 a factor of 14301101?
True
Does 36 divide 12299220?
True
Is 22 a factor of 73832?
True
Is 9019881 a multiple of 21?
False
Is 19 a factor of 1623334?
False
Does 204 divide 55080?
True
Is 17 a factor of 60554?
True
Is 28 a factor of 191100?
True
Is 10 a factor of 80577?
False
Is 5294002 a multiple of 7?
True
Is 24 a factor of 273383?
False
Does 2 divide 4373?
False
Is 66670 a multiple of 11?
False
Is 264176 a multiple of 79?
True
Is 3003792 a multiple of 24?
True
Is 61698 a multiple of 14?
True
Does 32 divide 377359?
False
Does 30 divide 879090?
True
Does 26 divide 287794?
True
Is 142926 a multiple of 54?
False
Is 59305 a multiple of 225?
False
Is 60 a factor of 102960?
True
Is 102629 a multiple of 8?
False
Does 532 divide 1156036?
True
Is 7 a factor of 13642381?
False
Is 339400 a multiple of 11?
False
Is 278213 a multiple of 13?
True
Is 427 a factor of 746922?
False
Does 160 divide 167431?
False
Is 56 a factor of 201773?
False
Is 114 a factor of 786600?
True
Does 46 divide 574494?
True
Does 424 divide 186201?
False
Is 4111610 a multiple of 71?
True
Does 35 divide 7401300?
False
Is 92 a factor of 184460?
True
Is 52 a factor of 130780?
True
Is 543 a factor of 3450765?
True
Is 80838 a multiple of 32?
False
Is 128 a factor of 400349?
False
Does 175 divide 500032?
False
Is 108265 a multiple of 146?
False
Does 2 divide 56453?
False
Is 5 a factor of 472455?
True
Is 12470511 a multiple of 381?
True
Does 2 divide 20732?
True
Is 1226580 a multiple of 28?
False
Is 237446 a multiple of 86?
True
Does 76 divide 599564?
True
Does 55 divide 1563903?
False
Is 7 a factor of 303183?
False
Does 32 divide 18644182?
False
Is 766093 a multiple of 98?
False
Does 826 divide 32041107?
False
Does 2194 divide 1663052?
True
Does 29 divide 48720?
True
Does 1518 divide 27436332?
True
Is 11 a factor of 385611?
False
Does 41 divide 473755?
True
Does 319 divide 1705374?
True
Is 1850370 a multiple of 15?
True
Is 319 a factor of 52635?
True
Is 8527476 a multiple of 1273?
False
Is 238359 a multiple of 233?
True
Is 2319732 a multiple of 108?
True
Does 119 divide 88893?
True
Is 9811289 a multiple of 21?
False
Is 738 a factor of 699900?
False
Is 35 a factor of 20616098?
False
Does 8 divide 2928862?
False
Is 45 a factor of 492888?
False
Does 5 divide 1025052?
False
Does 3 divide 509299?
False
Is 14 a factor of 12977160?
True
Is 382 a factor of 60700?
False
Is 171 a factor of 2804400?
True
Does 7 divide 7638462?
False
Is 138494 a multiple of 27?
False
Is 435719 a multiple of 42?
False
Is 4774 a multiple of 62?
True
Is 1360 a factor of 6754393?
False
Is 1300555 a multiple of 7?
False
Does 256 divide 104258?
False
Does 695 divide 318462?
False
Is 99335 a multiple of 8?
False
Is 76 a factor of 607468?
True
Is 15 a factor of 876511?
False
Is 1061 a factor of 5638360?
False
Does 164 divide 1032079?
False
Does 80 divide 353653?
False
Is 2578471 a multiple of 19?
True
Is 23 a factor of 617044?
True
Does 700 divide 24546?
False
Is 165239 a multiple of 443?
True
Is 311419 a multiple of 65?
False
Is 1792987 a multiple of 141?
False
Is 406170 a multiple of 18?
True
Does 14 divide 1665062?
True
Does 33 divide 46695?
True
Does 90 divide 32850?
True
Is 6 a factor of 561143?
False
Does 29 divide 423932?
False
Is 14 a factor of 117382?
False
Is 1846032 a multiple of 48?
True
Is 216 a factor of 989505?
False
Is 4 a factor of 60915?
False
Does 6 divide 1015667?
False
Does 69 divide 4231513?
False
Is 92958 a multiple of 8?
False
Is 2028 a multiple of 78?
True
Does 14 divide 382284?
True
Is 4667447 a multiple of 68?
False
Is 25 a factor of 1138461?
False
Is 962808 a multiple of 11?
True
Does 5 divide 21875?
True
Does 56 divide 1682507?
False
Is 65 a factor of 8730633?
False
Is 15 a factor of 198315?
True
Is 306883 a multiple of 20?
False
Is 5 a factor of 279200?
True
Is 132102 a multiple of 7?
False
Does 20 divide 319776?
False
Does 3 divide 327372?
True
Is 230328 a multiple of 21?
True
Does 13 divide 242983?
True
Is 1870595 a multiple of 309?
False
Is 605379 a multiple of 541?
True
Is 14 a factor of 37694714?
False
Does 26 divide 103821?
False
Does 150 divide 369150?
True
Is 1687290 a multiple of 11?
True
Does 364 divide 597027?
False
Is 318920 a multiple of 140?
True
Is 829163 a multiple of 109?
True
Is 8 a factor of 69297?
False
Is 233 a factor of 3420207?
True
Is 297192 a multiple of 116?
True
Is 5703306 a multiple of 219?
False
Does 25 divide 5075?
True
Does 44 divide 1796?
False
Is 35 a factor of 349237?
False
Is 61 a factor of 4813933?
False
Does 11 divide 364694?
True
Does 11 divide 229086?
True
Does 625 divide 391624?
False
Does 101 divide 161356?
False
Is 103 a factor of 582774?
True
Is 83 a factor of 8410343?
False
Is 6140863 a multiple of 293?
False
Is 157272 a multiple of 41?
False
Is 874 a multiple of 22?
False
Is 24 a factor of 256738?
False
Is 58 a factor of 59482?
False
Is 64 a factor of 1475008?
True
Does 937 divide 16598479?
False
Is 115 a factor of 6681040?
True
Is 281957 a multiple of 24?
False
Is 66 a factor of 211200?
True
Is 30080846 a multiple of 1875?
Fals